d
In base 16, what is -66d8 - -509e?
-163a
In base 12, what is 111553a - 5?
1115535
In base 10, what is 179110 - -1052?
180162
In base 5, what is 121411 + 2104004?
2230420
In base 8, what is -24241767 - -3?
-24241764
In base 2, what is 11010101011111101011 - -1000101?
11010101100000110000
In base 9, what is 1152502 + 1000?
1153502
In base 11, what is 40263 - 780?
3a593
In base 13, what is -b1 + 3183a?
31759
In base 3, what is 2001 + 111012202010?
111012211011
In base 8, what is 41716735 + 4?
41716741
In base 5, what is 10340444433 - -4?
10340444442
In base 9, what is 44 + 5745556?
5745611
In base 4, what is 12230310120 - 1100?
12230303020
In base 7, what is -53640 - 163?
-54133
In base 4, what is -3 - -10300112032?
10300112023
In base 6, what is 244504 + -552?
243512
In base 2, what is 1110 - 100001100000001000?
-100001011111111010
In base 16, what is 31d - -50261?
5057e
In base 3, what is -1200010 - 2002011022?
-2010211102
In base 3, what is -101 + 2100220020?
2100212212
In base 8, what is 317402 + -47?
317333
In base 16, what is 8b - -6aa1?
6b2c
In base 3, what is -22 + 11221120101022?
11221120101000
In base 7, what is 41256 - -1613?
43202
In base 6, what is -10324114420 - -3?
-10324114413
In base 11, what is 210 - 12770?
-12560
In base 2, what is 110 - 1100111100111111111001?
-1100111100111111110011
In base 6, what is 11533 + 13232224?
13244201
In base 7, what is -1143325024 + 4?
-1143325020
In base 16, what is 717cb5 + 4?
717cb9
In base 15, what is 2534b089 + -2?
2534b087
In base 3, what is 10221101 + 22102202?
110101010
In base 15, what is -117a1d4 - 4?
-117a1d8
In base 3, what is -210211 - -120020210?
112102222
In base 3, what is 112112001122001 - 1012?
112112001120212
In base 15, what is a83c + d0?
a91c
In base 3, what is 10 + 2201001010120010?
2201001010120020
In base 9, what is -12874013 - -2?
-12874011
In base 7, what is -104536 + 16002?
-55534
In base 16, what is 5 + -928a?
-9285
In base 5, what is 21203341233 - 3?
21203341230
In base 11, what is 44971 - 33?
44939
In base 16, what is 4 + 150aed21?
150aed25
In base 11, what is 1 - -33857a4?
33857a5
In base 14, what is a4b0a - 78?
a4a72
In base 12, what is 2ba2297 + -1?
2ba2296
In base 5, what is 112103 + 342031?
1004134
In base 6, what is 10542105 + 24?
10542133
In base 16, what is -5e + -a7b4?
-a812
In base 2, what is -100100000011110100 + 1001101?
-100100000010100111
In base 6, what is 5125200 + 3505?
5133105
In base 9, what is 13 - 1280028?
-1280015
In base 3, what is 10202212001000 - 1?
10202212000222
In base 2, what is 101 - 11011000001001001001111?
-11011000001001001001010
In base 6, what is 44 + 10020530?
10021014
In base 10, what is 5473757 + 4?
5473761
In base 3, what is 12201211101010 - 21202?
12201211002101
In base 4, what is 1111032211103 - 0?
1111032211103
In base 14, what is -4 - -8c6bc6c?
8c6bc68
In base 15, what is 9ed06e + 2?
9ed071
In base 12, what is 27ab1a5 + -1?
27ab1a4
In base 8, what is -20650 - -216020?
175150
In base 12, what is 53 + 492b05?
492b58
In base 16, what is b8d9 + 522?
bdfb
In base 3, what is 1022 - -11021001010100?
11021001011122
In base 16, what is -354a0d - 3?
-354a10
In base 12, what is 1521 - 2424?
-b03
In base 13, what is b + 374902?
374910
In base 10, what is 34314274 - 3?
34314271
In base 13, what is -2a2a11 + a?
-2a2a04
In base 5, what is 310131013020 + -3?
310131013012
In base 6, what is -4111044145 + -1?
-4111044150
In base 7, what is 231302 - 11?
231261
In base 12, what is -602725 + 247?
-60249a
In base 13, what is -2322 + -11c5?
-3517
In base 3, what is 2110012120101 + -10?
2110012120021
In base 9, what is 1504 + -33831?
-32326
In base 4, what is 1201 + -1201013210?
-1201012003
In base 5, what is 311 - 200243410?
-200243044
In base 2, what is -100 + -1001101110000010101000101001?
-1001101110000010101000101101
In base 6, what is 14 - -51043151?
51043205
In base 7, what is 64531056 + 5?
64531064
In base 13, what is 1b7 + -3237?
-3050
In base 11, what is -4269134 - -18?
-4269117
In base 12, what is 4741 - -3023?
7764
In base 11, what is 5 - 19411?
-19407
In base 9, what is -1 - 216437165?
-216437166
In base 6, what is 334 + -3454?
-3120
In base 15, what is -5e + c482?
c423
In base 14, what is 32 + -499cc?
-4999a
In base 13, what is 0 - 4993705?
-4993705
In base 14, what is -cb511c - -12?
-cb510a
In base 5, what is -2043433 + -13020?
-2112003
In base 14, what is -11c + -c0c?
-d2a
In base 16, what is -5a7 - -a65a?
a0b3
In base 16, what is 20 - -5076e?
5078e
In base 14, what is -a3a06 - -16a?
-a387a
In base 11, what is -11498883 - 4?
-11498887
In base 4, what is 2 + 120001023211?
120001023213
In base 11, what is 5 - -775585?
77558a
In base 11, what is -40 - 384734?
-384774
In base 13, what is -54933 - -a8?
-54858
In base 5, what is 1 - -1001202303?
1001202304
In base 5, what is 1411202401203 + 2?
1411202401210
In base 10, what is -30423 - -317?
-30106
In base 7, what is -201 + -1010044?
-1010245
In base 2, what is -1100011011101001001100001011 + 101?
-1100011011101001001100000110
In base 2, what is 11010 - 11001001111110?
-11001001100100
In base 6, what is -50113541 - 2?
-50113543
In base 14, what is 1b - -bba98?
bbab5
In base 13, what is 293876 - 14?
293862
In base 12, what is 346 - 2b330?
-2aba6
In base 7, what is 6 - 443145365?
-443145356
In base 3, what is -1 + -120000101220221?
-120000101220222
In base 11, what is a623 - 543?
a090
In base 2, what is 110100 - 1001100001000?
-1001011010100
In base 8, what is 467 + -15661273?
-15660604
In base 11, what is 325 + -9a58?
-9733
In base 12, what is 138a09 - 10a?
1388bb
In base 3, what is 220201 - -2200101010?
2201021211
In base 12, what is -6453 - 25b?
-66b2
In base 9, what is -4 + -7855435?
-7855440
In base 14, what is 4182d587 + 3?
4182d58a
In base 4, what is -3001033100200 - 103?
-3001033100303
In base 15, what is d + 2bcc3?
2bcd1
In base 14, what is 5981 - -b41?
66c2
In base 10, what is -26402 + -62?
-26464
In base 15, what is deee5be + -3?
deee5bb
In base 9, what is -5 - 4572631?
-4572636
In base 7, what is -246 - -220530?
220251
In base 2, what is -101000000110000101101000111 - -1?
-101000000110000101101000110
In base 15, what is -4c3255 + 31?
-4c3224
In base 10, what is 60754 - -346?
61100
In base 15, what is -6d7759a - 15?
-6d775b0
In base 12, what is 58943 + -58?
588a7
In base 5, what is -110 + 431240423?
431240313
In base 11, what is 1 - -5a425a?
5a4260
In base 15, what is -65 + 64a36?
649c1
In base 15, what is -29a + 13c4c?
139a2
In base 12, what is -3 + -6688956?
-6688959
In base 3, what is -10200120 + 10101201?
-21212
In base 7, what is -335543 + 500?
-335043
In base 8, what is -137434102 - -5?
-137434075
In base 4, what is -1012211102 + 1112?
-1012203330
In base 7, what is 25 + 1056656126?
1056656154
In base 8, what is 142 + -6607046?
-6606704
In base 10, what is 160649 + 22?
160671
In base 2, what is 10101001000011010 + 11011?
10101001000110101
In base 6, what is 5 + 325455525?
325455534
In base 7, what is -5 + -41453125?
-41453133
In base 14, what is 139bc6 + -273?
139953
In base 6, what is -33 + 4441532?
4441455
In base 16, what is 4 + -6c8ea51?
-6c8ea4d
In base 11, what is -6a1 + 4a11?
4320
In base 10, what is -23 - -30993981?
30993958
In base 16, what is b2 - -4729?
47db
In base 5, what is -3040243432 + -1?
-3040243433
In base 13, what is -307674 + -2b?
-3076a2
In base 11, what is -264 - -494548?
494294
In base 12, what is 1290b8a + -58?
1290b32
In base 7, what is -3121 + -146031?
-152152
In base 7, what is 36451412 - 4?
36451405
In base 8, what is 36175 - -572?
36767
In base 10, what is -379403 + 112?
-379291
In base 2, what is 110100010000000001011111 - 1110?
110100010000000001010001
In base 10, what is -4 - -34786235?
34786231
In base 4, what is 112 - 13312303331?
-13312303213
In base 9, what is 54140 + -70?
54060
In base 14, what is -3 - 12593b?
-125940
In base 13, what is -1 + -c095a6?
-c095a7
In base 13, what is -4 - 760223?
-760227
In base 3, what is 10011000222 - 11222222?
2222001000
In base 13, what is -19c6 - 2609?
-4302
In base 7, what is 433 - -266433?
300166
In base 4, what is 1111002223 - 203?
1111002020
In base 13, what is -3 - 602477?
-60247a
In base 2, what is 1101001110000011001011011 + -11101?
1101001110000011000111110
In base 4, what is 130123 - 1110?